 -3*x**4/2 + x**2 - x + 1. Let l be k(1). Give o(l).
0
Let y be (-2)/8 - 81/(-4). Suppose 0 = 5*q - 0*q - y. Let m(u) be the third derivative of -u**6/120 + u**5/20 + u**4/8 + u**3/2 - 47*u**2 - 32. What is m(q)?
-1
Let c(a) = -5*a - 3. Let b(d) = 6*d + 4. Let w(x) = -4*b(x) - 5*c(x). Suppose 4*r + 5*m = 27, 72451*r - 72447*r - 3*m + 29 = 0. Give w(r).
-3
Let p(g) = 84*g**3 - 3*g**2 + 2*g. Suppose 787*l = 313*l + 474. Give p(l).
83
Let h(t) = 6*t - 1. Let g(k) = -4*k + 14. Let p(l) = -l + 5. Let q(j) = 2*g(j) - 7*p(j). Suppose 26*m + 19 = -189. Let u be q(m). Determine h(u).
5
Suppose 11 = 5*f - 2*n - 10, -4*f + 26 = 3*n. Let y(o) be the first derivative of -o**4/2 + 10*o**3/3 + o**2 - 5*o + 17. Determine y(f).
5
Let u(o) = o + 1 - o**3 + 6*o**2 + 4*o - 7*o + 0*o. Let s = -34 + 29. Let i be s/((-10)/6) - -3. Calculate u(i).
-11
Suppose 0 = 3*i + 4*n + 23, 100*i - 101*i - 10 = -n. Let m(s) = s. Calculate m(i).
-9
Let b = -4971 - -4952. Let g(m) = m**2 + 23*m + 72. What is g(b)?
-4
Suppose 21*f = 27*f + 84. Let d(j) be the first derivative of -j**3/3 - 8*j**2 - 17*j + 2016. What is d(f)?
11
Suppose -385 = -441*v - 3031. Let b(h) = -21*h - 123. Give b(v).
3
Let z(y) = -52307*y**2 + 26155*y**2 - 18*y + 39 + 0*y + 26153*y**2. Give z(16).
7
Let m(d) = -2*d**2 + 2*d - 10. Let p(o) = -o**2 + 2*o - 2*o**2 - o - 4 - 6. Let l(n) = -4*m(n) + 3*p(n). Let s = 350 + -357. What is l(s)?
-4
Let c be 11 + (-23 - -14) - 3. Let u(i) = -93*i + 3. Calculate u(c).
96
Let w(u) = u - 7. Let p be 10 + -5*(-208)/(-65). Determine w(p).
-13
Let b(d) = -8*d - 9. Suppose -o = -29*p + 32*p + 35, o - 35 = 4*p. What is b(p)?
71
Let x = 11981/4 - 2995. Let n(o) be the first derivative of -5*o + 7/3*o**3 - 5/2*o**2 - x*o**4 + 5. What is n(5)?
20
Let y = 11819/2 - 5906. Let d(s) be the first derivative of -5*s - y*s**2 - 1/3*s**3 + 1. Determine d(-8).
-13
Let m(r) be the third derivative of -r**5/60 + r**4/6 - 3*r**2 + 31. Let y(v) = 4*v**2 - 25*v + 2. Let u(p) = 6*m(p) + y(p). What is u(1)?
-1
Let q(x) be the third derivative of -x**5/12 + 5*x**4/24 - 2*x**3/3 - 25*x**2. Let h(j) = -9*j**2 + 9*j - 7. Let s(w) = 4*h(w) - 7*q(w). What is s(-2)?
-6
Suppose 0 = -2*n - 3*n + 35. Let h(x) = 5*x + 0*x + 20*x + 1 - 26*x. What is h(n)?
-6
Let w(j) = -j**3 - j**2 - 2*j - 149. Let q be w(0). Let c = q + 148. Let n(o) = -2*o + 1. Calculate n(c).
3
Suppose 4*r - 17 = -3*w, -2 - 5 = -2*r - w. Let m(f) = 1358*f - 5*f**r + 4 - f**3 - 1358*f. What is m(-5)?
4
Let z be (-4059)/(-4) + (-13)/(-52). Let b(t) = t**3 - z*t - 4*t**2 + 1021*t - 2*t**3. What is b(-5)?
-5
Let j(f) = -2*f**2 - 34*f + 13. Let v(q) = q**2 + 18*q - 7. Let w(d) = -d**2 + 3*d - 1. Let u be w(5). Let a(b) = u*v(b) - 6*j(b). What is a(-6)?
-1
Let z(y) = 2*y**2 + 6*y + 5. Let l be z(-3). Suppose -l*b + 3*b = 0. Let c(p) = -9 + 3 - p + 20*p**2 - 38*p**2 + 17*p**2. Calculate c(b).
-6
Let l be 14*(-4)/16*(-1 + -5). Let q(k) = 47*k - l*k - 19*k. Suppose -22 = -2*v - 5*z, 2*z - 1 = 5*v + 2. Determine q(v).
7
Let j(p) be the third derivative of -4*p**2 + 0 + 1/8*p**4 + 0*p + 5/6*p**3. Determine j(5).
20
Let o(l) = 5*l**3 - 3*l**2 + 20*l + 29. Let n(x) = 9*x**3 - 6*x**2 + 39*x + 60. Let t(z) = -6*n(z) + 11*o(z). What is t(-4)?
-1
Let j(f) = -3*f**2 - 3*f + 37. Let u(p) = -p**2 - p + 15. Let t(k) = 3*j(k) - 8*u(k). Determine t(5).
-39
Let o(p) = p**2 + 18*p - 27. Let w be 274/(-14) - (-276)/483. What is o(w)?
-8
Suppose 2*m + 106 = -29*y + 30*y, 3*y - 285 = -5*m. Suppose -4*v + y = 16*v. Let b(w) = -w**3 + 5*w**2 + 2*w - 4. What is b(v)?
6
Let v(m) = 437 + 9*m - 301 + 143 + 2*m. Determine v(-25).
4
Let n(o) = -o**3 + 12*o**2 + 3*o - 42. Suppose -6*t - 33*t + 14*t = -300. Give n(t).
-6
Let k be -4 - (-18 - 990/(-72)). Let r(h) be the first derivative of k*h**4 + 2*h**2 - 12 - 2*h - h**3. What is r(2)?
2
Let q(o) = -o**2 + 2*o**2 + 8*o - 3 + 5*o**2. Suppose -107*p = -81*p - 130. Let n(v) = v**2 + 2*v. Let x(u) = p*n(u) - q(u). Give x(-2).
-5
Let k(m) be the first derivative of m**3/3 + 11*m**2/2 - m - 881. What is k(-8)?
-25
Let k(j) be the first derivative of -233 - 1/3*j**3 + 11*j + 3/2*j**2. Give k(6).
-7
Suppose 357*o - 355*o - 26 = 2*f, -5*o = -f - 77. Let j(z) = 5*z - 69. Calculate j(o).
11
Let p(v) = -v**3 + 16*v**2 - v + 9. Let d = -527 + 487. Let s be d/((-50)/(-10)) + 24. Give p(s).
-7
Suppose -13*s - 8 + 34 = 0. Let q(a) = -13*a**2 - 2 + 6*a**s - 2 + 8*a + 6*a**2. Let x be (-32)/(-5) + (-8)/20. Calculate q(x).
8
Let y(h) = 47 - 6*h - 33*h + 22*h + 55 + 142. Give y(14).
6
Let h(a) be the third derivative of a**6/120 - 7*a**5/60 - a**4/8 - 3*a**3 + 453*a**2. Give h(7).
-39
Let d(f) be the first derivative of -26*f**3/3 + f**2/2 + f + 1232. Suppose -4*t - 7 = -3*b + 4*b, -5*b - 16 = t. Determine d(t).
-26
Suppose -3*x - 1 = -4*h, -2*h + 0*x = 2*x + 10. Let n(v) = -3*v - 15. Let d(g) = g + 7. Let b(u) = h*n(u) - 5*d(u). Suppose -6*w + w + 15 = 0. Give b(w).
-2
Let u(p) = -p**3 - 7*p**2 + 28*p - 17. Let t be u(-10). Suppose -t*w + 35 = -10*w. Let d(b) = 2*b + 4. What is d(w)?
-6
Suppose -38*g + 1143 = -29*g. Let i = 129 - g. Let u(n) = -n**3 + n. Calculate u(i).
-6
Let k(q) = 19*q**3 - 15*q**2 - 8*q - 14. Let n(l) = 17*l**3 - 14*l**2 - 7*l - 13. Let c(u) = 8*k(u) - 9*n(u). Determine c(7).
-51
Let n be (10/(-30))/(1/(-18)). Suppose 90 = n*u - 16*u. Let w(m) = m**3 + 9*m**2 + 2*m + 10. Give w(u).
-8
Let k(w) = -33*w + 127. Let x(j) = -j**3 + 75*j**2 - 1334*j + 4. Let t be x(46). What is k(t)?
-5
Let l be (13/5 - 2)/(63/210). Let t(y) = 3*y - y - l*y + 0*y + 9 + y. Give t(-14).
-5
Let b(i) = 28*i**2 - 139*i + 489. Let o(f) = -5*f**2 + 27*f - 98. Let y(s) = -2*b(s) - 11*o(s). What is y(-23)?
8
Let b(l) = -l - 15 - 26*l**3 - l - 25*l**2 + 14 - 27*l**2 + 51*l**2. What is b(-1)?
26
Let d(r) be the second derivative of -r**4/12 + 2*r**3/3 - 7*r**2/2 + r + 630. Let q be 4/(-8)*(-12)/2. Give d(q).
-4
Let a(z) = 17*z - 41. Suppose 10414*v + 6 = 10416*v. Calculate a(v).
10
Let a(q) = q**3 - 4*q**2 - 4*q - 1. Let f = -48 - -66. Suppose -9 = s - f. Let g(x) = -x**3 + 10*x**2 - 7*x - 13. Let j be g(s). Determine a(j).
4
Let x(s) = -11*s**2 - 40*s - 25. Let v(u) = 24*u**2 + 87*u + 51. Let f(q) = -6*v(q) - 13*x(q). What is f(3)?
4
Let t be 21/(-4) - 135/(-60). Let q(s) = -s**3 - s**2 - s + 7. Calculate q(t).
28
Suppose -3*f + 21 = -5*w + 8*w, 0 = -5*w + 2*f + 7. Let x(a) = 2*a - 519 + 520 - w*a. Give x(6).
-5
Let a(r) = 2*r**2 + 43*r + 228. Let j be a(-7). Let n(p) = -p + 24. Give n(j).
-1
Let v = -5885 + 5891. Let s(b) = 18*b + 5. Determine s(v).
113
Let o(w) = -8*w + 91. Let t be o(21). Let h be (-2)/4 + -4*t/56. Let i(v) = v**3 - 6*v**2 + 7*v - 7. Give i(h).
3
Let s(y) = -3 + 1 - 4*y + 4*y**2 + 5 - 5. Give s(3).
22
Let u(w) = -7*w**2 + 3*w - 2. Suppose -19 = 8*o - 211. Let s be 3*o/(-90)*15/(-6). What is u(s)?
-24
Let d(w) = 3*w**2 - w**3 - 8*w + 10*w + 3 - 9*w**2 + 7*w. Give d(-6).
-51
Let q(v) = v**3 + 1 + 0*v**2 - 2*v**2 - 5*v - 4*v**2. Let l = 986 - 979. Give q(l).
15
Let h(g) = 193*g + 6175. Let k be h(-32). Let v(r) = r - 6. Calculate v(k).
-7
Suppose 0 = 108*v - 61 - 263. Let k(f) = -2*f - 9. Calculate k(v).
-15
Let y(p) be the second derivative of -p**3/2 - 4*p**2 - p. Let c be -35*(30/42 - 1). Suppose -2*z = -c*z - 48. Give y(z).
10
Let i(d) = 10*d**3 - d**2. Suppose 0 = -28*u + 24*u + 4. Let s be i(u). Let a be 8/(-12) - (-42)/s. Let x(q) = -q**2 + 7*q - 6. Determine x(a).
6
Let o(u) = 9*u**3 + 16*u**2 + 3*u - 22. Let q(v) = 13*v**3 + 24*v**2 + 5*v - 31. Let c(w) = 10*o(w) - 7*q(w). Calculate c(-4).
-47
Let p(q) = -4*q + 1. Let h(i) = 6*i - 1. Suppose 9*b = -71 + 26. Let a(s) = b*h(s) - 4*p(s). Determine a(-1).
15
Let u = -13 - -10. Let w(r) = 3*r**3 - 10*r + 1. Let d(j) = -4*j**3 + 13*j - 3. Let t(f) = -2*d(f) - 3*w(f). Determine t(u).
18
Let u(j) be the third derivative of -j**6/40 + j**5/60 - 20*j**2 + 16*j + 8. Let o(z) = 6 + 2*z - z - 2*z. Let q be o(5). Determine u(q).
-2
Let w be (-4)/14 - (-486)/84 - (-1)/(-2). Let h(j) = 5*j**2 - 15*j - 12. What is h(w)?
38
Let b be 13*(-12)/(-78)*2. Let r(o) be the second derivative of -o**4/6 + 11*o**3/6 - 5*o**2/2 + 8*o - 4. Give r(b).
7
Let k(q) = -129*q**2 + 12. Let i(c) = c**3 + 197*c**2 - c - 13. Let n(w) = -2*i(w) - 3*k(w). What is n(-5)?
55
Let u(k) = -2*k**3 - 12*k**2 - 5*k - 30. S